base 10.
-96400
31322001 (base 4) to base 11
39883
141031203 (base 5) to base 14
14a97d
What is 1110100100000101000 (base 2) in base 8?
1644050
-10101100001001100 (base 2) to base 6
-1520020
-183ae7 (base 16) to base 7
-16332400
10a710 (base 11) to base 3
22220100121
What is -24540 (base 16) in base 4?
-210111000
Convert 277434 (base 11) to base 7.
3456360
-ca414 (base 15) to base 12
-26b761
Convert -5015f (base 16) to base 4.
-1100011133
-2050277 (base 8) to base 5
-114414314
What is 268926 (base 11) in base 12?
184069
What is 12212002210122 (base 3) in base 7?
35310521
Convert -112001112102212 (base 3) to base 8.
-34376457
What is 27879 (base 13) in base 16?
120e1
What is -4a1952 (base 14) in base 2?
-1001101100001000000100
Convert -115a96 (base 11) to base 7.
-1363313
What is -20403033 (base 5) in base 3?
-22121000120
What is b8bab (base 12) in base 3?
110101012112
Convert 70b142 (base 12) to base 11.
aa30a3
What is -10b3b6 (base 14) in base 8?
-2126664
bc28 (base 13) to base 8
63165
Convert -1100220001002 (base 3) to base 7.
-6112643
What is 3960 (base 11) in base 2?
1010000011100
-1110110311 (base 4) to base 14
-8dc33
Convert -244432002 (base 5) to base 16.
-11ddbd
21021 (base 13) to base 16
e7d2
1a8c256 (base 13) to base 6
512301332
What is -2f9b63 (base 16) in base 11?
-1841098
What is 1749bcc (base 14) in base 2?
101011110001100000111000
14a935 (base 13) to base 4
1330102100
What is 252276 (base 8) in base 13?
30920
Convert -100429 (base 10) to base 7.
-565540
Convert 2e37a1 (base 16) to base 12.
1020a01
2015537 (base 10) to base 14
3a674d
Convert 1103532 (base 6) to base 3.
2210211102
What is 217754 (base 9) in base 3?
20121211211
Convert -4122342 (base 5) to base 11.
-46561
Convert 197677 (base 14) to base 16.
dcb79
2000012 (base 4) to base 12
48b2
-1a311 (base 13) to base 10
-51052
What is -1d2282 (base 15) in base 13?
-3ab6b9
What is 45517 (base 11) in base 14?
19dd0
1506103 (base 7) to base 14
543aa
What is 1025271 (base 9) in base 8?
2057122
1212010120011 (base 3) to base 13
287197
What is 300123220 (base 4) in base 2?
110000011011101000
What is -281082 (base 14) in base 13?
-396a28
What is -1442314 (base 6) in base 12?
-4039a
What is -1121220121111 (base 3) in base 7?
-10226566
Convert -55c5b9 (base 14) to base 15.
-3c8bb6
What is 1455363 (base 7) in base 8?
604205
What is -5101432 (base 7) in base 15?
-be694
Convert -27b235 (base 13) to base 2.
-11101100000110010110
What is 1001030030 (base 6) in base 8?
46505602
1b60a6 (base 15) to base 8
5062520
-283677 (base 9) to base 13
-60b80
Convert -1b6e6 (base 16) to base 10.
-112358
1249257 (base 10) to base 15
19a23c
Convert 1011101110011111001 (base 2) to base 7.
3160155
Convert 154722 (base 8) to base 10.
55762
What is 2424421032 (base 5) in base 11?
32445a4
Convert a1881 (base 11) to base 10.
148798
-912831 (base 10) to base 12
-380313
Convert 824423 (base 10) to base 12.
33911b
1054501 (base 12) to base 3
12211100200201
What is 20465461 (base 7) in base 13?
48798a
31ddae (base 15) to base 8
11040042
Convert 4336454 (base 7) to base 3.
222221201122
9515828 (base 10) to base 11
540a423
Convert 2120030023 (base 4) to base 5.
124421441
What is 32023220 (base 4) in base 15?
12328
1547d (base 14) to base 3
2200202010
What is 1315332012 (base 6) in base 11?
8924715
What is 1003202231 (base 4) in base 12?
114125
-ca0a5f (base 16) to base 2
-110010100000101001011111
What is 242244442 (base 5) in base 8?
4247444
Convert -1010100011000110100 (base 2) to base 13.
-c1438
Convert 14506783 (base 10) to base 12.
4a37167
Convert -231311 (base 6) to base 4.
-10310323
804649 (base 11) to base 15
1a885b
What is -724712 (base 10) in base 6?
-23311052
Convert -486526 (base 10) to base 14.
-c943c
-4303bf (base 16) to base 9
-8233456
What is -4375022 (base 8) in base 2?
-100011111101000010010
Convert -a1d (base 14) to base 3.
-2201121
What is -13120303230 (base 4) in base 5?
-443432440
11112220201 (base 4) to base 15
1cac6a
What is 35040150 (base 6) in base 3?
2000210012110
-1111101100000011 (base 2) to base 5
-4024014
Convert 3225563 (base 7) to base 11.
2495a8
d4b4b (base 15) to base 4
2210211323
-105574 (base 8) to base 2
-1000101101111100
What is -144441131 (base 6) in base 7?
-34456036
-7248 (base 9) to base 15
-188e
Convert 22214553 (base 6) to base 2.
10100011110110000101
What is 15480 (base 10) in base 2?
11110001111000
a98c4 (base 13) to base 8
1127317
Convert -9dac81 (base 15) to base 12.
-2631127
144455140 (base 6) to base 2
1011100010011101000100
What is 5170075 (base 9) in base 14?
51c917
What is -186813 (base 12) in base 10?
-426255
397b3 (base 14) to base 6
3010545
Convert -2323025 (base 7) to base 13.
-a2935
What is 549275 (base 11) in base 5?
211013442
11021121102 (base 3) to base 13
2c48c
Convert 2305145 (base 6) to base 12.
581b5
Convert 337626 (base 8) to base 13.
40200
Convert 35545102 (base 6) to base 16.
11103e
-12530143 (base 6) to base 14
-ab8bd
What is 113342023 (base 6) in base 7?
24043323
What is -5749b (base 16) in base 4?
-1113102123
-132133210 (base 4) to base 7
-1030066
Convert 785e8 (base 15) to base 4.
1131123332
Convert 351867 (base 10) to base 14.
92335
1111010010000 (base 2) to base 16
1e90
-311153 (base 7) to base 12
-26998
Convert 5143115 (base 6) to base 7.
2045633
Convert 5504455 (base 7) to base 3.
1021020101211
What is -12001102111020 (base 3) in base 2?
-1010001111100101010000
77a57 (base 11) to base 8
334664
What is 11544366 (base 7) in base 9?
1848603
What is 93924 (base 10) in base 16?
16ee4
What is 9b4754 (base 13) in base 2?
1101111110111110111000
What is 1a2771 (base 13) in base 11?
412889
What is -42d7 (base 14) in base 6?
-125301
Convert -1253051 (base 7) to base 16.
-281ed
Convert -6066271 (base 8) to base 16.
-186cb9
What is -36464 (base 7) in base 13?
-4430
20023121 (base 4) to base 13
12329
-183738 (base 11) to base 2
-1000101000110110100
What is 196261a (base 14) in base 13?
27c5459
What is 163179 (base 11) in base 6?
5231425
What is -1a99a5 (base 15) in base 14?
-25b152
Convert -1000001000110100001 (base 2) to base 3.
-111112210012
1505034 (base 7) to base 14
541c4
Convert -28aa8 (base 13) to base 8.
-225356
What is 28c19d (base 14) in base 16?
159c2f
-2b63a07 (base 12) to base 13
-1aa698b
Convert -52815 (base 11) to base 5.
-4424401
673381 (base 9) to base 16
62524
Convert 33344251 (base 6) to base 13.
2944c0
Convert -4d59c (base 15) to base 14.
-66371
What is 10111210212120 (base 3) in base 11?
1065078
What is -103188 (base 10) in base 2?
-11001001100010100
-43565a (base 15) to base 14
-5d6da5
-512247 (base 8) to base 9
-276888
ca605 (base 15) to base 7
5314325
What is -11000000000110000011 (base 2) in base 5?
-200134234
Convert 1544025 (base 7) to base 10.
212679
Convert -1212023 (base 5) to base 14.
-841d
61318 (base 14) to base 7
1662531
-1011111110100000111 (base 2) to base 3
-201221100101
What is 66697 (base 15) in base 7?
2523646
Convert 4016210 (base 8) to base 7.
11655240
Convert -67201132 (base 8) to base 7.
-234053401
-3451442 (base 7) to base 2
-1101001101001101101
What is -5493389 (base 12) in base 16?
-f5ef59
What is 3437291 (base 11) in base 10?
6012469
-669729 (base 10) to base 7
-5456364
-a4380 (base 11) to base 8
-451171
What is -1102113102 (base 4) in base 6?
-11121510
-1010010001110111010 (base 2) to base 8
-1221672
Convert 22162100 (base 7) to base 9.
3536865
Convert -264754 (base 8) to base 3.
-11201002120
What is -8c7a9 (base 14) in base 9?
-570742
270339 (base 12) to base 11
3aa352
Convert 11010101111011001 (base 2) to base 12.
53475
What is -11010100010000100 (base 2) in base 9?
-175061
Convert -1407671 (base 8) to base 9.
-664818
Convert 24221030 (base 5) to base 16.
37456
What is -13201101211 (base 4) in base 2?
-111100001010001100101
What is 31674 (base 13) in base 15?
1b579
What is 1b668 (base 13) in base 11?
37495
What is -604026 (base 8) in base 14?
-52594
What is -a5a82 (base 15) in base 13?
-15525b
Convert 1134145 (base 9) to base 11.
389795
What is -101111211111 (base 3) in base 13?
-73246
-34145153 (base 6) to base 11
-650857
What is -194a9b1 (base 12) in base 8?
-24244425
What is -26e7bb (base 16) in base 6?
-130352043
What is -340054 (base 8) in base 4?
-130000230
What is -25a2c (base 15) in base 11?
-82